{"id":20,"date":"2021-04-27T11:25:28","date_gmt":"2021-04-27T09:25:28","guid":{"rendered":"http:\/\/lelab-consulting.fr\/?page_id=20"},"modified":"2021-04-30T10:46:20","modified_gmt":"2021-04-30T08:46:20","slug":"a-propos-de","status":"publish","type":"page","link":"http:\/\/lelab-consulting.fr\/?page_id=20","title":{"rendered":"\u00c0 propos de"},"content":{"rendered":"\n<p>Le Lab Consulting est un cabinet de conseil en management sp\u00e9cialis\u00e9 sur la conduite de programmes de transformation, l&#8217;efficacit\u00e9 op\u00e9rationnelle et l&#8217;accompagnement du d\u00e9veloppement de PME.<\/p>\n","protected":false},"excerpt":{"rendered":"<p>Le Lab Consulting est un cabinet de conseil en management sp\u00e9cialis\u00e9 sur la conduite de programmes de transformation, l&#8217;efficacit\u00e9 op\u00e9rationnelle et l&#8217;accompagnement du d\u00e9veloppement de PME.<\/p>\n","protected":false},"author":1,"featured_media":17,"parent":0,"menu_order":0,"comment_status":"closed","ping_status":"closed","template":"","meta":[],"_links":{"self":[{"href":"http:\/\/lelab-consulting.fr\/index.php?rest_route=\/wp\/v2\/pages\/20"}],"collection":[{"href":"http:\/\/lelab-consulting.fr\/index.php?rest_route=\/wp\/v2\/pages"}],"about":[{"href":"http:\/\/lelab-consulting.fr\/index.php?rest_route=\/wp\/v2\/types\/page"}],"author":[{"embeddable":true,"href":"http:\/\/lelab-consulting.fr\/index.php?rest_route=\/wp\/v2\/users\/1"}],"replies":[{"embeddable":true,"href":"http:\/\/lelab-consulting.fr\/index.php?rest_route=%2Fwp%2Fv2%2Fcomments&post=20"}],"version-history":[{"count":4,"href":"http:\/\/lelab-consulting.fr\/index.php?rest_route=\/wp\/v2\/pages\/20\/revisions"}],"predecessor-version":[{"id":92,"href":"http:\/\/lelab-consulting.fr\/index.php?rest_route=\/wp\/v2\/pages\/20\/revisions\/92"}],"wp:featuredmedia":[{"embeddable":true,"href":"http:\/\/lelab-consulting.fr\/index.php?rest_route=\/wp\/v2\/media\/17"}],"wp:attachment":[{"href":"http:\/\/lelab-consulting.fr\/index.php?rest_route=%2Fwp%2Fv2%2Fmedia&parent=20"}],"curies":[{"name":"wp","href":"https:\/\/api.w.org\/{rel}","templated":true}]}}